{"id":1311,"date":"2023-12-08T07:51:51","date_gmt":"2023-12-08T07:51:51","guid":{"rendered":"https:\/\/akademiazeglarstwa.eu\/?page_id=1311"},"modified":"2025-11-21T11:55:04","modified_gmt":"2025-11-21T11:55:04","slug":"grupa-b","status":"publish","type":"page","link":"https:\/\/akademiazeglarstwa.eu\/index.php\/grupa-b\/","title":{"rendered":"GRUPA B"},"content":{"rendered":"\n<h2 class=\"wp-block-heading has-text-align-center has-accent-color has-text-color has-link-color wp-elements-ca9c96ea7b229811ef6343608680f1ea\" style=\"font-style:normal;font-weight:400\"><strong>Grupa B<\/strong> <strong>regatowa to \u017ceglarze po podstawowym szkoleniu regatowym, gotowych na rywalizacj\u0119 w regatach \u017ceglarskich.<\/strong><\/h2>\n\n\n<div class=\"wp-block-image\">\n<figure class=\"aligncenter size-full is-resized\"><img data-opt-id=219189996  fetchpriority=\"high\" decoding=\"async\" width=\"544\" height=\"131\" src=\"https:\/\/mlzy1nu3afkw.i.optimole.com\/w:auto\/h:auto\/q:mauto\/f:best\/https:\/\/akademiazeglarstwa.eu\/wp-content\/uploads\/2025\/04\/001.jpg\" alt=\"Gdy\u0144ska Akademia \u017beglarstwa\" class=\"wp-image-4400\" style=\"width:357px;height:auto\" srcset=\"https:\/\/mlzy1nu3afkw.i.optimole.com\/w:544\/h:131\/q:mauto\/f:best\/https:\/\/akademiazeglarstwa.eu\/wp-content\/uploads\/2025\/04\/001.jpg 544w, https:\/\/mlzy1nu3afkw.i.optimole.com\/w:300\/h:72\/q:mauto\/f:best\/https:\/\/akademiazeglarstwa.eu\/wp-content\/uploads\/2025\/04\/001.jpg 300w\" sizes=\"(max-width: 544px) 100vw, 544px\" \/><\/figure>\n<\/div>\n\n\n<div class=\"wp-block-media-text alignfull is-stacked-on-mobile has-white-background-color has-background\"><figure class=\"wp-block-media-text__media\"><img data-opt-id=1673615269  fetchpriority=\"high\" decoding=\"async\" width=\"1024\" height=\"609\" src=\"https:\/\/mlzy1nu3afkw.i.optimole.com\/w:1024\/h:609\/q:mauto\/f:best\/https:\/\/akademiazeglarstwa.eu\/wp-content\/uploads\/2024\/01\/Zrzut-ekranu-2022-03-09-121300.jpg\" alt=\"Grupa B regaty\" class=\"wp-image-1777 size-full\" srcset=\"https:\/\/mlzy1nu3afkw.i.optimole.com\/w:1024\/h:609\/q:mauto\/f:best\/https:\/\/akademiazeglarstwa.eu\/wp-content\/uploads\/2024\/01\/Zrzut-ekranu-2022-03-09-121300.jpg 1024w, https:\/\/mlzy1nu3afkw.i.optimole.com\/w:300\/h:178\/q:mauto\/f:best\/https:\/\/akademiazeglarstwa.eu\/wp-content\/uploads\/2024\/01\/Zrzut-ekranu-2022-03-09-121300.jpg 300w, https:\/\/mlzy1nu3afkw.i.optimole.com\/w:768\/h:457\/q:mauto\/f:best\/https:\/\/akademiazeglarstwa.eu\/wp-content\/uploads\/2024\/01\/Zrzut-ekranu-2022-03-09-121300.jpg 768w, https:\/\/mlzy1nu3afkw.i.optimole.com\/w:1096\/h:652\/q:mauto\/f:best\/https:\/\/akademiazeglarstwa.eu\/wp-content\/uploads\/2024\/01\/Zrzut-ekranu-2022-03-09-121300.jpg 1096w\" sizes=\"(max-width: 750px) 100vw, 750px\" \/><\/figure><div class=\"wp-block-media-text__content\">\n<h3 class=\"wp-block-heading has-background\" style=\"background-color:#bebee1;font-style:normal;font-weight:300\">Grupa B to elitarna grupa regatowa. Zawodnicy uczestnicz\u0105ca w r\u00f3\u017cnorodnych regatach \u017ceglarskich, kt\u00f3re s\u0105 uwzgl\u0119dniane w rankingu Pucharu Polski oraz w mi\u0119dzynarodowych regatach.<\/h3>\n\n\n\n<p class=\"has-text-align-left has-black-color has-text-color has-background has-link-color wp-elements-8f2d3f3f90c4e0e30ab80ae1b097b98c\" style=\"background-color:#bebee1;font-style:normal;font-weight:300\">Specjalizujemy si\u0119 w profesjonalnym szkoleniu \u017ceglarskim dzieci w klasie<a href=\"https:\/\/www.psko.pl\/\"> Optymist <\/a>, z naciskiem na rozwijanie umiej\u0119tno\u015bci regatowych. Oferujemy program, kt\u00f3ry doskonali umiej\u0119tno\u015bci m\u0142odych \u017ceglarzy, przede wszystkim poprzez przygotowanie ich do Grupy B regatowej. Do\u0142\u0105cz do nas, aby zapewni\u0107 swojemu dziecku solidne fundamenty w \u017ceglarstwie regatowym!<\/p>\n<\/div><\/div>\n\n\n\n<div class=\"wp-block-media-text alignfull has-media-on-the-right is-stacked-on-mobile has-white-background-color has-background\"><div class=\"wp-block-media-text__content\">\n<h2 class=\"wp-block-heading has-text-align-center has-black-color has-text-color has-background has-link-color wp-elements-4529b56b8fc1778175dbaaebbbc38dd5\" style=\"background-color:#ebe56e\">Rozwijaj pasj\u0119 swojego dziecka w grupie B<\/h2>\n\n\n\n<p class=\"has-black-color has-text-color has-background has-link-color wp-elements-596c53aa9a49195217766a6bf9cbf364\" style=\"background-color:#ebe56e;font-style:normal;font-weight:300\">Nasza szko\u0142a \u017ceglarska oferuje zaj\u0119cia dwa razy w tygodniu.                                                       <strong>Przyjd\u017a z dzieckiem na bezp\u0142atn\u0105 lekcj\u0119 i razem do\u0142\u0105czcie do naszego klubu \u017ceglarskiego.<\/strong> Zainwestuj w ich rozw\u00f3j i wsp\u00f3lnie odkryjcie uroki \u017ceglarstwa!<\/p>\n<\/div><figure class=\"wp-block-media-text__media\"><img data-opt-id=2051798707  fetchpriority=\"high\" decoding=\"async\" width=\"664\" height=\"442\" src=\"https:\/\/mlzy1nu3afkw.i.optimole.com\/w:auto\/h:auto\/q:mauto\/f:best\/https:\/\/akademiazeglarstwa.eu\/wp-content\/uploads\/2024\/01\/gf-5ogf-2nJ8-u3kj_widnokrag-przysloniety-bletkitnymi-zaglami-664x442-1.jpeg\" alt=\"Grupa B Regaty\" class=\"wp-image-1778 size-full\" srcset=\"https:\/\/mlzy1nu3afkw.i.optimole.com\/w:664\/h:442\/q:mauto\/f:best\/https:\/\/akademiazeglarstwa.eu\/wp-content\/uploads\/2024\/01\/gf-5ogf-2nJ8-u3kj_widnokrag-przysloniety-bletkitnymi-zaglami-664x442-1.jpeg 664w, https:\/\/mlzy1nu3afkw.i.optimole.com\/w:300\/h:200\/q:mauto\/f:best\/https:\/\/akademiazeglarstwa.eu\/wp-content\/uploads\/2024\/01\/gf-5ogf-2nJ8-u3kj_widnokrag-przysloniety-bletkitnymi-zaglami-664x442-1.jpeg 300w, https:\/\/mlzy1nu3afkw.i.optimole.com\/w:360\/h:240\/q:mauto\/f:best\/https:\/\/akademiazeglarstwa.eu\/wp-content\/uploads\/2024\/01\/gf-5ogf-2nJ8-u3kj_widnokrag-przysloniety-bletkitnymi-zaglami-664x442-1.jpeg 360w\" sizes=\"(max-width: 664px) 100vw, 664px\" \/><\/figure><\/div>\n\n\n\n<div class=\"wp-block-media-text alignfull is-stacked-on-mobile\" style=\"grid-template-columns:49% auto\"><figure class=\"wp-block-media-text__media\"><img data-opt-id=772544234  data-opt-src=\"https:\/\/mlzy1nu3afkw.i.optimole.com\/w:auto\/h:auto\/q:mauto\/f:best\/https:\/\/akademiazeglarstwa.eu\/wp-content\/uploads\/2024\/03\/StylizePhoto_10_20240306.png\"  decoding=\"async\" width=\"542\" height=\"357\" src=\"data:image/svg+xml,%3Csvg%20viewBox%3D%220%200%20100%%20100%%22%20width%3D%22100%%22%20height%3D%22100%%22%20xmlns%3D%22http%3A%2F%2Fwww.w3.org%2F2000%2Fsvg%22%3E%3Crect%20width%3D%22100%%22%20height%3D%22100%%22%20fill%3D%22transparent%22%2F%3E%3C%2Fsvg%3E\" alt=\"Grupa B\" class=\"wp-image-3264 size-full\" old-srcset=\"https:\/\/mlzy1nu3afkw.i.optimole.com\/w:542\/h:357\/q:mauto\/f:best\/https:\/\/akademiazeglarstwa.eu\/wp-content\/uploads\/2024\/03\/StylizePhoto_10_20240306.png 542w, https:\/\/mlzy1nu3afkw.i.optimole.com\/w:300\/h:198\/q:mauto\/f:best\/https:\/\/akademiazeglarstwa.eu\/wp-content\/uploads\/2024\/03\/StylizePhoto_10_20240306.png 300w\" \/><\/figure><div class=\"wp-block-media-text__content\">\n<p class=\"has-background\" style=\"background-color:#bebee1\">Zapraszamy serdecznie do Gdy\u0144skiej Akademii \u017beglarstwa, gdzie priorytetem jest rozwijanie pasji i umiej\u0119tno\u015bci \u017ceglarskich u najm\u0142odszych. Nasz klub, w przeciwie\u0144stwie do innych, k\u0142adzie nacisk na kompleksowe szkolenie, \u0142\u0105cz\u0105c teori\u0119 z praktyk\u0105 . Podchodzimy indywidualne do ka\u017cdego uczestnika. Nie tylko oferujemy szeroki wachlarz zaj\u0119\u0107, ale r\u00f3wnie\u017c zapewniamy mo\u017cliwo\u015b\u0107 uczestnictwa w Grupie B regatowej.  Je\u015bli szukasz miejsca, gdzie Twoje dziecko b\u0119dzie mog\u0142o rozwija\u0107 swoje umiej\u0119tno\u015bci \u017ceglarskie w przyjaznej atmosferze i profesjonalnym otoczeniu &#8211; to Gdy\u0144ska Akademia \u017beglarstwa jest w\u0142a\u015bnie dla Was! Przyjd\u017acie do nas i do\u0142\u0105czcie do \u017ceglarskiej przygody pe\u0142nej nauki, przyja\u017ani i rywalizacji!<\/p>\n<\/div><\/div>\n\n\n\n<div class=\"wp-block-group alignfull has-background-color has-white-color has-header-gradient-background-color has-text-color has-background has-link-color wp-elements-c5a5937f18dd5186617b2cbfb47bc221\" style=\"padding-top:var(--wp--preset--spacing--30);padding-right:var(--wp--preset--spacing--30);padding-bottom:var(--wp--preset--spacing--30);padding-left:var(--wp--preset--spacing--30)\"><div class=\"wp-block-group__inner-container is-layout-constrained wp-container-core-group-is-layout-23b1a4dc wp-block-group-is-layout-constrained\">\n<div class=\"wp-block-group alignwide is-content-justification-center is-layout-flex wp-container-core-group-is-layout-c124d1c4 wp-block-group-is-layout-flex\">\n<div class=\"wp-block-group is-layout-flex wp-block-group-is-layout-flex\"><div class=\"wp-block-site-logo\"><a href=\"https:\/\/akademiazeglarstwa.eu\/\" class=\"custom-logo-link\" rel=\"home\"><img data-opt-id=565522292  data-opt-src=\"https:\/\/mlzy1nu3afkw.i.optimole.com\/w:auto\/h:auto\/q:mauto\/f:best\/https:\/\/akademiazeglarstwa.eu\/wp-content\/uploads\/2023\/07\/cropped-output-onlinegiftools-removebg-preview.png\"  decoding=\"async\" width=\"264\" height=\"51\" src=\"data:image/svg+xml,%3Csvg%20viewBox%3D%220%200%20100%%20100%%22%20width%3D%22100%%22%20height%3D%22100%%22%20xmlns%3D%22http%3A%2F%2Fwww.w3.org%2F2000%2Fsvg%22%3E%3Crect%20width%3D%22100%%22%20height%3D%22100%%22%20fill%3D%22transparent%22%2F%3E%3C%2Fsvg%3E\" class=\"custom-logo\" alt=\"Gdy\u0144ska Akademia \u017beglarstwa\" old-srcset=\"https:\/\/mlzy1nu3afkw.i.optimole.com\/w:383\/h:74\/q:mauto\/f:best\/https:\/\/akademiazeglarstwa.eu\/wp-content\/uploads\/2023\/07\/cropped-output-onlinegiftools-removebg-preview.png 383w, https:\/\/mlzy1nu3afkw.i.optimole.com\/w:300\/h:58\/q:mauto\/f:best\/https:\/\/akademiazeglarstwa.eu\/wp-content\/uploads\/2023\/07\/cropped-output-onlinegiftools-removebg-preview.png 300w\" \/><\/a><\/div><\/div>\n<\/div>\n<\/div><\/div>\n\n\n\n<div class=\"wp-block-columns alignfull is-layout-flex wp-container-core-columns-is-layout-d2da2050 wp-block-columns-is-layout-flex\" style=\"margin-bottom:0\">\n<div class=\"wp-block-column has-text-color has-background has-link-color wp-elements-b414d3efed6fd214e2714ebe7428c504 is-layout-flow wp-block-column-is-layout-flow\" style=\"color:#000000;background-color:#ffe97d;padding-top:2em;padding-right:2em;padding-bottom:2em;padding-left:2em\">\n<h2 class=\"wp-block-heading\" id=\"single\" style=\"font-size:40px\">Jak Zacz\u0105\u0107<\/h2>\n\n\n\n<p class=\"has-normal-font-size\" style=\"line-height:1.5\">Kontakt 502 582 450<\/p>\n\n\n\n<hr class=\"wp-block-separator has-text-color has-css-opacity has-background is-style-wide\" style=\"background-color:#000000;color:#000000\"\/>\n\n\n\n<ul class=\"wp-block-list has-normal-font-size\">\n<li>Aby zacz\u0105\u0107 swoj\u0105 przygod\u0119 z \u017ceglarstwem, skontaktuj si\u0119 z nami pod nr telefonu 502 582 450 lub mailowo gaz@list.pl<br>Przyjd\u017a na bezp\u0142atn\u0105 lekcj\u0119 i zapisz si\u0119 do klubu!!!<\/li>\n<\/ul>\n<\/div>\n\n\n\n<div class=\"wp-block-column has-text-color has-background has-link-color wp-elements-e1e89b6cc431caf9112b72e1e7f1ebd2 is-layout-flow wp-block-column-is-layout-flow\" style=\"color:#000000;background-color:#d1d1e1;padding-top:2em;padding-right:2em;padding-bottom:2em;padding-left:2em\">\n<h6 class=\"wp-block-heading\" id=\"family\" style=\"font-size:40px\">Jak trenujemy?<\/h6>\n\n\n\n<p class=\"has-normal-font-size\" style=\"line-height:1.5\"><\/p>\n\n\n\n<hr class=\"wp-block-separator has-css-opacity is-style-wide\"\/>\n\n\n\n<ul class=\"wp-block-list has-normal-font-size\">\n<li><strong>Lato<\/strong>&nbsp;&#8211; zaj\u0119cia \u017ceglarskie na wodzie minimum dwa razy w tygodniu po 3 godziny , wyjazdy na regaty i zgrupowania, obozy sportowe <\/li>\n\n\n\n<li><strong>Zima<\/strong>&nbsp;&#8211; zaj\u0119cia og\u00f3lnorozwojowe minimum dwa razy w tygodniu, nauka p\u0142ywania na basenie, zaj\u0119cia na sali gimnastycznej, zaj\u0119cia w terenie, nauka jazdy na \u0142y\u017cwach wyjazdy na zgrupowania i obozy narciarskie.<\/li>\n<\/ul>\n<\/div>\n\n\n\n<div class=\"wp-block-column has-text-color has-background has-link-color wp-elements-963add8f92712188d0e8c9deeb9e64c0 is-layout-flow wp-block-column-is-layout-flow\" style=\"color:#000000;background-color:#c0ebf1;padding-top:2em;padding-right:2em;padding-bottom:2em;padding-left:2em\">\n<h2 class=\"wp-block-heading\" id=\"patron\" style=\"font-size:40px\">Cennik<\/h2>\n\n\n\n<hr class=\"wp-block-separator has-css-opacity is-style-wide\"\/>\n\n\n\n<ul class=\"wp-block-list has-normal-font-size\">\n<li>Cena sk\u0142adki cz\u0142onkowskiej obejmuje zaj\u0119cia dwa razy w tygodniu po 3 godziny. Ka\u017cde dziecko zapisane do klubu otrzymuje do dyspozycji \u0142\u00f3d\u017a szkoleniow\u0105 Optimist, oraz kamizelk\u0119 asekuracyjn\u0105\/ratunkow\u0105.Op\u0142ata cz\u0142onkowska wynosi:&nbsp;<strong>400z\u0142<\/strong>&nbsp;miesi\u0119cznie  <\/li>\n\n\n\n<li>Zni\u017cki w op\u0142acie cz\u0142onkowskiej: Rodze\u0144stwo &#8211; zni\u017cka&nbsp;<strong>50z\u0142<\/strong>          <\/li>\n<\/ul>\n\n\n\n<h2 class=\"wp-block-heading has-text-align-center\">400 z\u0142 \/miesi\u0105c<\/h2>\n<\/div>\n<\/div>\n","protected":false},"excerpt":{"rendered":"<p>Grupa B regatowa to \u017ceglarze po podstawowym szkoleniu regatowym, gotowych na rywalizacj\u0119 w regatach \u017ceglarskich. Grupa B to elitarna grupa regatowa. Zawodnicy uczestnicz\u0105ca w r\u00f3\u017cnorodnych regatach \u017ceglarskich, kt\u00f3re s\u0105 uwzgl\u0119dniane w rankingu Pucharu Polski oraz w mi\u0119dzynarodowych regatach. Specjalizujemy si\u0119 w profesjonalnym szkoleniu \u017ceglarskim dzieci w klasie Optymist , z [&hellip;]<\/p>\n","protected":false},"author":1,"featured_media":1763,"parent":0,"menu_order":0,"comment_status":"closed","ping_status":"closed","template":"","meta":{"_kadence_starter_templates_imported_post":false,"two_page_speed":[],"footnotes":""},"class_list":["post-1311","page","type-page","status-publish","has-post-thumbnail","hentry"],"yoast_head":"<!-- This site is optimized with the Yoast SEO plugin v27.4 - https:\/\/yoast.com\/product\/yoast-seo-wordpress\/ -->\n<title>GRUPA B - Gdy\u0144ska Akademia \u017beglarstwa<\/title>\n<meta name=\"description\" content=\"Grupa B regatowa to \u017ceglarze po podstawowym szkoleniu regatowym, gotowych na rywalizacj\u0119 w zawodach \u017ceglarskich.\" \/>\n<meta name=\"robots\" content=\"index, follow, max-snippet:-1, max-image-preview:large, max-video-preview:-1\" \/>\n<link rel=\"canonical\" href=\"https:\/\/akademiazeglarstwa.eu\/index.php\/grupa-b\/\" \/>\n<meta property=\"og:locale\" content=\"pl_PL\" \/>\n<meta property=\"og:type\" content=\"article\" \/>\n<meta property=\"og:title\" content=\"GRUPA B - Gdy\u0144ska Akademia \u017beglarstwa\" \/>\n<meta property=\"og:description\" content=\"Grupa B regatowa to \u017ceglarze po podstawowym szkoleniu regatowym, gotowych na rywalizacj\u0119 w zawodach \u017ceglarskich.\" \/>\n<meta property=\"og:url\" content=\"https:\/\/akademiazeglarstwa.eu\/index.php\/grupa-b\/\" \/>\n<meta property=\"og:site_name\" content=\"Gdy\u0144ska Akademia \u017beglarstwa\" \/>\n<meta property=\"article:publisher\" content=\"https:\/\/www.facebook.com\/profile.php?id=100063709173388\" \/>\n<meta property=\"article:modified_time\" content=\"2025-11-21T11:55:04+00:00\" \/>\n<meta property=\"og:image\" content=\"https:\/\/mlzy1nu3afkw.i.optimole.com\/w:auto\/h:auto\/q:mauto\/f:best\/https:\/\/akademiazeglarstwa.eu\/wp-content\/uploads\/2024\/01\/a1.jpg\" \/>\n\t<meta property=\"og:image:width\" content=\"745\" \/>\n\t<meta property=\"og:image:height\" content=\"398\" \/>\n\t<meta property=\"og:image:type\" content=\"image\/jpeg\" \/>\n<meta name=\"twitter:card\" content=\"summary_large_image\" \/>\n<meta name=\"twitter:site\" content=\"@AkademiaJoanna\" \/>\n<meta name=\"twitter:label1\" content=\"Szacowany czas czytania\" \/>\n\t<meta name=\"twitter:data1\" content=\"4 minuty\" \/>\n<script type=\"application\/ld+json\" class=\"yoast-schema-graph\">{\"@context\":\"https:\\\/\\\/schema.org\",\"@graph\":[{\"@type\":\"WebPage\",\"@id\":\"https:\\\/\\\/akademiazeglarstwa.eu\\\/index.php\\\/grupa-b\\\/\",\"url\":\"https:\\\/\\\/akademiazeglarstwa.eu\\\/index.php\\\/grupa-b\\\/\",\"name\":\"GRUPA B - Gdy\u0144ska Akademia \u017beglarstwa\",\"isPartOf\":{\"@id\":\"https:\\\/\\\/akademiazeglarstwa.eu\\\/#website\"},\"primaryImageOfPage\":{\"@id\":\"https:\\\/\\\/akademiazeglarstwa.eu\\\/index.php\\\/grupa-b\\\/#primaryimage\"},\"image\":{\"@id\":\"https:\\\/\\\/akademiazeglarstwa.eu\\\/index.php\\\/grupa-b\\\/#primaryimage\"},\"thumbnailUrl\":\"https:\\/\\/akademiazeglarstwa.eu\\/wp-content\\/uploads\\/2024\\/01\\/a1.jpg\",\"datePublished\":\"2023-12-08T07:51:51+00:00\",\"dateModified\":\"2025-11-21T11:55:04+00:00\",\"description\":\"Grupa B regatowa to \u017ceglarze po podstawowym szkoleniu regatowym, gotowych na rywalizacj\u0119 w zawodach \u017ceglarskich.\",\"breadcrumb\":{\"@id\":\"https:\\\/\\\/akademiazeglarstwa.eu\\\/index.php\\\/grupa-b\\\/#breadcrumb\"},\"inLanguage\":\"pl-PL\",\"potentialAction\":[{\"@type\":\"ReadAction\",\"target\":[\"https:\\\/\\\/akademiazeglarstwa.eu\\\/index.php\\\/grupa-b\\\/\"]}]},{\"@type\":\"ImageObject\",\"inLanguage\":\"pl-PL\",\"@id\":\"https:\\\/\\\/akademiazeglarstwa.eu\\\/index.php\\\/grupa-b\\\/#primaryimage\",\"url\":\"https:\\/\\/akademiazeglarstwa.eu\\/wp-content\\/uploads\\/2024\\/01\\/a1.jpg\",\"contentUrl\":\"https:\\/\\/akademiazeglarstwa.eu\\/wp-content\\/uploads\\/2024\\/01\\/a1.jpg\",\"width\":745,\"height\":398,\"caption\":\"Obozy \u017ceglarskie\"},{\"@type\":\"BreadcrumbList\",\"@id\":\"https:\\\/\\\/akademiazeglarstwa.eu\\\/index.php\\\/grupa-b\\\/#breadcrumb\",\"itemListElement\":[{\"@type\":\"ListItem\",\"position\":1,\"name\":\"Strona g\u0142\u00f3wna\",\"item\":\"https:\\\/\\\/akademiazeglarstwa.eu\\\/\"},{\"@type\":\"ListItem\",\"position\":2,\"name\":\"GRUPA B\"}]},{\"@type\":\"WebSite\",\"@id\":\"https:\\\/\\\/akademiazeglarstwa.eu\\\/#website\",\"url\":\"https:\\\/\\\/akademiazeglarstwa.eu\\\/\",\"name\":\"Gdy\u0144ska Akademia \u017beglarstwa Tw\u00f3j Start w Przygod\u0119 \u017beglarsk\u0105\",\"description\":\"Gdy\u0144ska Akademia \u017beglarstwa \u2013 obozy i p\u00f3\u0142kolonie \u017ceglarskie dla dzieci i m\u0142odzie\u017cy\",\"publisher\":{\"@id\":\"https:\\\/\\\/akademiazeglarstwa.eu\\\/#organization\"},\"potentialAction\":[{\"@type\":\"SearchAction\",\"target\":{\"@type\":\"EntryPoint\",\"urlTemplate\":\"https:\\\/\\\/akademiazeglarstwa.eu\\\/?s={search_term_string}\"},\"query-input\":{\"@type\":\"PropertyValueSpecification\",\"valueRequired\":true,\"valueName\":\"search_term_string\"}}],\"inLanguage\":\"pl-PL\"},{\"@type\":\"Organization\",\"@id\":\"https:\\\/\\\/akademiazeglarstwa.eu\\\/#organization\",\"name\":\"Gdy\u0144ska Akademia \u017beglarstwa\",\"url\":\"https:\\\/\\\/akademiazeglarstwa.eu\\\/\",\"logo\":{\"@type\":\"ImageObject\",\"inLanguage\":\"pl-PL\",\"@id\":\"https:\\\/\\\/akademiazeglarstwa.eu\\\/#\\\/schema\\\/logo\\\/image\\\/\",\"url\":\"https:\\/\\/akademiazeglarstwa.eu\\/wp-content\\/uploads\\/2023\\/07\\/cropped-output-onlinegiftools-removebg-preview.png\",\"contentUrl\":\"https:\\/\\/akademiazeglarstwa.eu\\/wp-content\\/uploads\\/2023\\/07\\/cropped-output-onlinegiftools-removebg-preview.png\",\"width\":383,\"height\":74,\"caption\":\"Gdy\u0144ska Akademia \u017beglarstwa\"},\"image\":{\"@id\":\"https:\\\/\\\/akademiazeglarstwa.eu\\\/#\\\/schema\\\/logo\\\/image\\\/\"},\"sameAs\":[\"https:\\\/\\\/www.facebook.com\\\/profile.php?id=100063709173388\",\"https:\\\/\\\/x.com\\\/AkademiaJoanna\",\"https:\\\/\\\/www.instagram.com\\\/gdynska_akademia_zeglarska\\\/\",\"https:\\\/\\\/www.youtube.com\\\/channel\\\/UCyCtfDsl6NNfIRl2zuEeUvg\"]}]}<\/script>\n<!-- \/ Yoast SEO plugin. -->","yoast_head_json":{"title":"GRUPA B - Gdy\u0144ska Akademia \u017beglarstwa","description":"Grupa B regatowa to \u017ceglarze po podstawowym szkoleniu regatowym, gotowych na rywalizacj\u0119 w zawodach \u017ceglarskich.","robots":{"index":"index","follow":"follow","max-snippet":"max-snippet:-1","max-image-preview":"max-image-preview:large","max-video-preview":"max-video-preview:-1"},"canonical":"https:\/\/akademiazeglarstwa.eu\/index.php\/grupa-b\/","og_locale":"pl_PL","og_type":"article","og_title":"GRUPA B - Gdy\u0144ska Akademia \u017beglarstwa","og_description":"Grupa B regatowa to \u017ceglarze po podstawowym szkoleniu regatowym, gotowych na rywalizacj\u0119 w zawodach \u017ceglarskich.","og_url":"https:\/\/akademiazeglarstwa.eu\/index.php\/grupa-b\/","og_site_name":"Gdy\u0144ska Akademia \u017beglarstwa","article_publisher":"https:\/\/www.facebook.com\/profile.php?id=100063709173388","article_modified_time":"2025-11-21T11:55:04+00:00","og_image":[{"width":745,"height":398,"url":"https:\/\/mlzy1nu3afkw.i.optimole.com\/w:auto\/h:auto\/q:mauto\/f:best\/https:\/\/akademiazeglarstwa.eu\/wp-content\/uploads\/2024\/01\/a1.jpg","type":"image\/jpeg"}],"twitter_card":"summary_large_image","twitter_site":"@AkademiaJoanna","twitter_misc":{"Szacowany czas czytania":"4 minuty"},"schema":{"@context":"https:\/\/schema.org","@graph":[{"@type":"WebPage","@id":"https:\/\/akademiazeglarstwa.eu\/index.php\/grupa-b\/","url":"https:\/\/akademiazeglarstwa.eu\/index.php\/grupa-b\/","name":"GRUPA B - Gdy\u0144ska Akademia \u017beglarstwa","isPartOf":{"@id":"https:\/\/akademiazeglarstwa.eu\/#website"},"primaryImageOfPage":{"@id":"https:\/\/akademiazeglarstwa.eu\/index.php\/grupa-b\/#primaryimage"},"image":{"@id":"https:\/\/akademiazeglarstwa.eu\/index.php\/grupa-b\/#primaryimage"},"thumbnailUrl":"https:\/\/mlzy1nu3afkw.i.optimole.com\/w:auto\/h:auto\/q:mauto\/f:best\/https:\/\/akademiazeglarstwa.eu\/wp-content\/uploads\/2024\/01\/a1.jpg","datePublished":"2023-12-08T07:51:51+00:00","dateModified":"2025-11-21T11:55:04+00:00","description":"Grupa B regatowa to \u017ceglarze po podstawowym szkoleniu regatowym, gotowych na rywalizacj\u0119 w zawodach \u017ceglarskich.","breadcrumb":{"@id":"https:\/\/akademiazeglarstwa.eu\/index.php\/grupa-b\/#breadcrumb"},"inLanguage":"pl-PL","potentialAction":[{"@type":"ReadAction","target":["https:\/\/akademiazeglarstwa.eu\/index.php\/grupa-b\/"]}]},{"@type":"ImageObject","inLanguage":"pl-PL","@id":"https:\/\/akademiazeglarstwa.eu\/index.php\/grupa-b\/#primaryimage","url":"https:\/\/mlzy1nu3afkw.i.optimole.com\/w:auto\/h:auto\/q:mauto\/f:best\/https:\/\/akademiazeglarstwa.eu\/wp-content\/uploads\/2024\/01\/a1.jpg","contentUrl":"https:\/\/mlzy1nu3afkw.i.optimole.com\/w:auto\/h:auto\/q:mauto\/f:best\/https:\/\/akademiazeglarstwa.eu\/wp-content\/uploads\/2024\/01\/a1.jpg","width":745,"height":398,"caption":"Obozy \u017ceglarskie"},{"@type":"BreadcrumbList","@id":"https:\/\/akademiazeglarstwa.eu\/index.php\/grupa-b\/#breadcrumb","itemListElement":[{"@type":"ListItem","position":1,"name":"Strona g\u0142\u00f3wna","item":"https:\/\/akademiazeglarstwa.eu\/"},{"@type":"ListItem","position":2,"name":"GRUPA B"}]},{"@type":"WebSite","@id":"https:\/\/akademiazeglarstwa.eu\/#website","url":"https:\/\/akademiazeglarstwa.eu\/","name":"Gdy\u0144ska Akademia \u017beglarstwa Tw\u00f3j Start w Przygod\u0119 \u017beglarsk\u0105","description":"Gdy\u0144ska Akademia \u017beglarstwa \u2013 obozy i p\u00f3\u0142kolonie \u017ceglarskie dla dzieci i m\u0142odzie\u017cy","publisher":{"@id":"https:\/\/akademiazeglarstwa.eu\/#organization"},"potentialAction":[{"@type":"SearchAction","target":{"@type":"EntryPoint","urlTemplate":"https:\/\/akademiazeglarstwa.eu\/?s={search_term_string}"},"query-input":{"@type":"PropertyValueSpecification","valueRequired":true,"valueName":"search_term_string"}}],"inLanguage":"pl-PL"},{"@type":"Organization","@id":"https:\/\/akademiazeglarstwa.eu\/#organization","name":"Gdy\u0144ska Akademia \u017beglarstwa","url":"https:\/\/akademiazeglarstwa.eu\/","logo":{"@type":"ImageObject","inLanguage":"pl-PL","@id":"https:\/\/akademiazeglarstwa.eu\/#\/schema\/logo\/image\/","url":"https:\/\/mlzy1nu3afkw.i.optimole.com\/w:auto\/h:auto\/q:mauto\/f:best\/https:\/\/akademiazeglarstwa.eu\/wp-content\/uploads\/2023\/07\/cropped-output-onlinegiftools-removebg-preview.png","contentUrl":"https:\/\/mlzy1nu3afkw.i.optimole.com\/w:auto\/h:auto\/q:mauto\/f:best\/https:\/\/akademiazeglarstwa.eu\/wp-content\/uploads\/2023\/07\/cropped-output-onlinegiftools-removebg-preview.png","width":383,"height":74,"caption":"Gdy\u0144ska Akademia \u017beglarstwa"},"image":{"@id":"https:\/\/akademiazeglarstwa.eu\/#\/schema\/logo\/image\/"},"sameAs":["https:\/\/www.facebook.com\/profile.php?id=100063709173388","https:\/\/x.com\/AkademiaJoanna","https:\/\/www.instagram.com\/gdynska_akademia_zeglarska\/","https:\/\/www.youtube.com\/channel\/UCyCtfDsl6NNfIRl2zuEeUvg"]}]}},"_links":{"self":[{"href":"https:\/\/akademiazeglarstwa.eu\/index.php\/wp-json\/wp\/v2\/pages\/1311","targetHints":{"allow":["GET"]}}],"collection":[{"href":"https:\/\/akademiazeglarstwa.eu\/index.php\/wp-json\/wp\/v2\/pages"}],"about":[{"href":"https:\/\/akademiazeglarstwa.eu\/index.php\/wp-json\/wp\/v2\/types\/page"}],"author":[{"embeddable":true,"href":"https:\/\/akademiazeglarstwa.eu\/index.php\/wp-json\/wp\/v2\/users\/1"}],"replies":[{"embeddable":true,"href":"https:\/\/akademiazeglarstwa.eu\/index.php\/wp-json\/wp\/v2\/comments?post=1311"}],"version-history":[{"count":40,"href":"https:\/\/akademiazeglarstwa.eu\/index.php\/wp-json\/wp\/v2\/pages\/1311\/revisions"}],"predecessor-version":[{"id":4940,"href":"https:\/\/akademiazeglarstwa.eu\/index.php\/wp-json\/wp\/v2\/pages\/1311\/revisions\/4940"}],"wp:featuredmedia":[{"embeddable":true,"href":"https:\/\/akademiazeglarstwa.eu\/index.php\/wp-json\/wp\/v2\/media\/1763"}],"wp:attachment":[{"href":"https:\/\/akademiazeglarstwa.eu\/index.php\/wp-json\/wp\/v2\/media?parent=1311"}],"curies":[{"name":"wp","href":"https:\/\/api.w.org\/{rel}","templated":true}]}}